and j?
14
Let f(a) = 4 - 5 - a - 8*a. Let l be f(-4). Let r = -18 + l. Calculate the highest common divisor of r and 51.
17
Let y = 7 + -5. Suppose y*r - 3*r + 50 = 0. What is the greatest common factor of 10 and r?
10
Suppose -13*q + 6*q + 98 = 0. What is the highest common divisor of q and 42?
14
Suppose 4*x - 38 = -5*f + 3*f, x - 5*f + 18 = 0. Calculate the highest common divisor of x and 49.
7
Let i = 70 - 49. Calculate the highest common divisor of 14 and i.
7
Suppose 5*o + 150 = 2*f + 53, -o + 139 = 4*f. Calculate the greatest common divisor of 24 and f.
12
Suppose -3*r - 10 = -s, 0 = -0*s + 3*s - 3*r - 42. Let i be (54/45)/(4/(-10)). Let b be 11/3*3 + i. Calculate the highest common divisor of s and b.
8
Let b be (-2)/(-6) + 10/6. Let q be b*7 - (3 - 4). What is the greatest common factor of q and 5?
5
Suppose 12 = b - 2*s, 3*b - 34 = -5*s + 10*s. What is the highest common divisor of b and 24?
8
Let b = 5 - 4. Let r be 13 + -1 - (-2)/b. Let i(t) = t**3 + t**2 + 42. Let z be i(0). What is the highest common divisor of r and z?
14
Let p be 31 + 1 - (-1 - 0). Let z = 1 + -1. Suppose t + 3 = z, -t + 4*t = 4*v - 53. What is the greatest common divisor of v and p?
11
Let f = 98 + -52. Suppose 3*b - f = -5*s, -3*s + s - 30 = -b. What is the greatest common divisor of b and 22?
22
Let t be (-38)/(-14) + 10/35. Let d be 177/12 + (-1)/(-4). What is the highest common factor of t and d?
3
Suppose 5*c - 37 = g, 3*g = c - 4*c + 15. Let x(y) be the first derivative of -y**2 - 5*y - 2. Let q be x(-6). What is the highest common divisor of q and c?
7
Let u be 39 + (-12)/(-8)*2. Let s = -30 + u. Calculate the highest common divisor of s and 8.
4
Let t(b) = b**2 + 3*b - 7. Let s be t(-5). Suppose 5 = 5*q - 2*x - 6, -3*q - 6 = s*x. Suppose 8 = 5*k - 7. What is the greatest common divisor of k and q?
1
Let q(a) = -2*a**3 - a**2 - 2*a + 1. Let c(l) = l - 8. Let t be c(6). Let o be q(t). Calculate the greatest common factor of 85 and o.
17
Let t(d) = -d**3 + 2*d**2 + 6*d - 7. Let r be t(3). Suppose -m + 0*w = r*w - 27, -2*w = 0. Calculate the highest common factor of 9 and m.
9
Let u(w) = 3*w**3 - w**2 - w - 5. Let v be u(5). Let g = v - 241. Calculate the greatest common divisor of 9 and g.
9
Let y(k) = -39*k - 66. Let t(n) = -8*n - 13. Let a(i) = 11*t(i) - 2*y(i). Let c be a(-11). Calculate the highest common divisor of 9 and c.
9
Let c(s) = 2*s**2 + 10*s - 20. Let o be c(3). Calculate the greatest common divisor of 4 and o.
4
Let s = -91 - -32. Let t = s + 163. Suppose -t = -4*y - 4*c, -2*c = -3*y - 0*c + 83. Calculate the highest common divisor of y and 3.
3
Suppose 2*n = 3*n + 1. Let a = 4 - n. Suppose 3*t = -a*f + 3*f + 100, 5*f + 2*t = 228. Calculate the highest common factor of 4 and f.
4
Let i = 85 + -83. What is the greatest common divisor of 5 and i?
1
Let g be 1 + 100/16 + (-3)/12. Calculate the greatest common divisor of g and 49.
7
Suppose 9 = -3*c - 4*h, -5*c + 0*h = 4*h + 15. Let v(i) = i**2 + 2*i + 1. Let r be v(c). Calculate the greatest common divisor of r and 10.
2
Let y(h) = -h**2 - 2*h + 3. Let t be y(-3). Let d = 128 + -82. Suppose 5*m - 29 - d = t. What is the greatest common divisor of 15 and m?
15
Suppose -5*s = 4*i - 179, i = 2*s - 3*s + 46. Suppose 4*d - 120 = -4*c, -5*d + 58 + 24 = 3*c. Calculate the greatest common divisor of c and i.
17
Let a = 310 + -189. Suppose 0 = -0*r - 3*r + 33. What is the greatest common divisor of r and a?
11
Suppose 3*g - 596 = -5*k - 74, 1 = -g. What is the greatest common factor of 70 and k?
35
Suppose 0 = t - 84 - 284. Suppose 2*v = t - 1048. Let x be (-2)/3 - v/6. Calculate the greatest common divisor of x and 8.
8
Let d(s) = -s**2 + 2. Let l be d(0). Suppose z - 4 = l. Let k be 5*-1*(-6)/5. Calculate the greatest common factor of k and z.
6
Let j(d) = 2*d + 4. Let f be j(0). Suppose -v = -3*a + 2*a + 12, f*v + 34 = 2*a. Calculate the greatest common divisor of 7 and a.
7
Let t = -37 - -131. Let d = t - 64. What is the greatest common divisor of 6 and d?
6
Let f(b) = b**3 - 9*b**2 + 8*b + 2. Let n be f(8). Suppose 0 = -4*w + n*w + 18. Calculate the greatest common divisor of 72 and w.
9
Suppose 0 = 4*f + 16, -6*l + l = f - 216. Calculate the highest common divisor of l and 4.
4
Suppose -19 + 1 = -p. Suppose -4*c + 313 = 25. What is the highest common divisor of p and c?
18
Let s(t) = t**2 + 95. Let q(g) = 5*g**2 + 476. Let y(b) = -2*q(b) + 11*s(b). Let a be y(0). What is the highest common factor of a and 62?
31
Let a be (0 - -1) + (56 - 1). Suppose 34 + a = 5*t. Suppose 2*y = -2*y + 504. What is the greatest common factor of y and t?
18
Let t = 39 + 2. Suppose -4*l = 3*f - 3*l - t, 13 = f + l. What is the greatest common factor of f and 56?
14
Suppose k - 3*d - 16 = -2, -k = -2*d - 10. Suppose -j = -k*j + 36. What is the highest common factor of j and 18?
18
Let n(r) = r**2 + 5*r - 9. Suppose -3*p - 19 = 4*c, -c + p = -0*c + 10. Let f be n(c). Calculate the highest common divisor of f and 2.
1
Let a(w) = -w**2 + 12*w + 1. Let o be a(8). What is the highest common divisor of 264 and o?
33
Let r be (-1)/6 - (-145)/6. Suppose 0 = -5*j + m + 61, 5*j = 5*m + 29 + 36. Calculate the highest common divisor of j and r.
12
Suppose 3*z = -q + 13 - 1, -4*z = -3*q - 16. Let h be (4 + 9)*(q - -1). Let x(y) = -13*y. Let b be x(-2). Calculate the highest common divisor of h and b.
13
Let b = -1 - 5. Let t = b + 7. Suppose -t - 2 = -3*k - 4*p, 5*k - 2*p = 5. What is the greatest common factor of 2 and k?
1
Let u(f) = -f**3 + 9*f**2 + f - 2. Let y be u(9). What is the highest common factor of y and 7?
7
Let m(d) = -d**2 + 38. Let p be m(0). Suppose 2*b - p + 6 = 0. Calculate the greatest common divisor of 2 and b.
2
Let f(h) = h**2 - 1. Let g be f(-1). Suppose 4*z = -g*z + 440. What is the highest common factor of z and 22?
22
Let p = -18 - -19. Let x be (p + 0)/(1/39). Calculate the greatest common divisor of 26 and x.
13
Let a(f) = 79*f + 1. Let q be a(5). What is the greatest common divisor of q and 36?
36
Let h(f) = -f + 13. Let y be h(8). Calculate the greatest common divisor of 5 and y.
5
Let n(b) = -b**2. Let m(w) = 6*w**2 - w + 44. Let t(x) = m(x) + 5*n(x). Let k be t(0). Calculate the highest common divisor of k and 66.
22
Let a = -8 - -16. What is the highest common factor of a and 64?
8
Let i = -188 - -208. Let a = 2 - -3. Calculate the greatest common factor of a and i.
5
Suppose 0 = y + 5*y - 210. Calculate the greatest common divisor of y and 7.
7
Let g(x) = x**2 + 9*x. Let i be g(-12). Let n = i + -19. Calculate the highest common factor of 34 and n.
17
Let p = -59 - -85. Let v = p + -18. What is the greatest common divisor of 12 and v?
4
Let b(i) = -i**2 + 9*i - 12. Let n be b(6). Calculate the highest common divisor of 66 and n.
6
Suppose 5*d - d = -308. Let i = 116 + d. Let a = -29 + 42. What is the highest common divisor of i and a?
13
Let a(w) = 3*w**2 - 13*w + 15. Let i be a(6). What is the highest common divisor of 5 and i?
5
Let h be (21/5)/((-6)/(-360)). What is the highest common divisor of h and 36?
36
Suppose -4 = -4*j + q - 5*q, -j + q = 1. Let u be 1*(35 - (j - -3)). Suppose 2*x - 8 = 8. What is the highest common factor of u and x?
8
Let n be ((-1)/2)/(4/(-8)). Suppose -3*u - 14 = -5*u. What is the highest common divisor of u and n?
1
Let q(r) = -2*r**3 - r**2 + 2*r + 2. Let t(n) = n - 5. Let j be t(3). Let h be q(j). What is the greatest common divisor of 50 and h?
10
Suppose 3*v - 19 = -2*o, -4*v + 3*v - 5*o + 2 = 0. What is the highest common divisor of v and 21?
7
Let u(h) = -h + 10. Let x be u(7). Let v be ((-3)/(-2))/(x/20). Let a(w) = -w**2 - 5*w + 2. Let n be a(-5). What is the greatest common factor of n and v?
2
Let m(i) = -32*i - 6. Let b be m(-3). Let y = b - -20. Calculate the highest common factor of 10 and y.
10
Let b(s) = -s**3 + 4*s**2 - 2*s - 2. Let j be b(3). Let i be (j + (-3)/6)*72. Let q be 22/1 + 6/3. Calculate the greatest common factor of q and i.
12
Suppose 8*x - 774 = -54. Calculate the greatest common divisor of 18 and x.
18
Let b = 32 + -19. Calculate the greatest common divisor of b and 52.
13
Let b be (-26)/(-13)*(6 + 1). Calculate the highest common factor of 35 and b.
7
Suppose 4*v = 4*d - 42 - 58, 2*d - 65 = 5*v. Let f(i) = 4*i - 6. Let u be f(4